{"id":2177,"date":"2024-12-15T18:50:30","date_gmt":"2024-12-15T18:50:30","guid":{"rendered":"https:\/\/solarconnectafrica.com\/?page_id=2177"},"modified":"2025-08-17T16:47:34","modified_gmt":"2025-08-17T16:47:34","slug":"reserver-un-stand","status":"publish","type":"page","link":"https:\/\/solarconnectafrica.com\/staging\/fr\/reserver-un-stand\/","title":{"rendered":"R\u00e9server un stand"},"content":{"rendered":"\t\t<div data-elementor-type=\"wp-page\" data-elementor-id=\"2177\" class=\"elementor elementor-2177\">\n\t\t\t\t<div class=\"elementor-element elementor-element-317f78a e-flex e-con-boxed e-con e-parent\" data-id=\"317f78a\" data-element_type=\"container\" data-settings=\"{&quot;background_background&quot;:&quot;classic&quot;}\">\n\t\t\t\t\t<div class=\"e-con-inner\">\n\t\t\t\t<div class=\"elementor-element elementor-element-5d1dcdf elementor-widget elementor-widget-image\" data-id=\"5d1dcdf\" data-element_type=\"widget\" data-widget_type=\"image.default\">\n\t\t\t\t<div class=\"elementor-widget-container\">\n\t\t\t\t\t\t\t\t\t\t\t\t\t\t\t<img fetchpriority=\"high\" decoding=\"async\" width=\"829\" height=\"301\" src=\"https:\/\/solarconnectafrica.com\/staging\/wp-content\/uploads\/2024\/12\/pic12-removebg-preview-1.png\" class=\"attachment-large size-large wp-image-2213\" alt=\"\" srcset=\"https:\/\/solarconnectafrica.com\/staging\/wp-content\/uploads\/2024\/12\/pic12-removebg-preview-1.png 829w, https:\/\/solarconnectafrica.com\/staging\/wp-content\/uploads\/2024\/12\/pic12-removebg-preview-1-300x109.png 300w, https:\/\/solarconnectafrica.com\/staging\/wp-content\/uploads\/2024\/12\/pic12-removebg-preview-1-768x279.png 768w\" sizes=\"(max-width: 829px) 100vw, 829px\" \/>\t\t\t\t\t\t\t\t\t\t\t\t\t\t\t<\/div>\n\t\t\t\t<\/div>\n\t\t\t\t\t<\/div>\n\t\t\t\t<\/div>\n\t\t<div class=\"elementor-element elementor-element-0d1f5b0 e-flex e-con-boxed e-con e-parent\" data-id=\"0d1f5b0\" data-element_type=\"container\" data-settings=\"{&quot;background_background&quot;:&quot;classic&quot;}\">\n\t\t\t\t\t<div class=\"e-con-inner\">\n\t\t<div class=\"elementor-element elementor-element-eb4fc70 e-con-full e-flex e-con e-child\" data-id=\"eb4fc70\" data-element_type=\"container\">\n\t\t<div class=\"elementor-element elementor-element-7fc6a37 e-flex e-con-boxed e-con e-child\" data-id=\"7fc6a37\" data-element_type=\"container\">\n\t\t\t\t\t<div class=\"e-con-inner\">\n\t\t<div class=\"elementor-element elementor-element-0f7a1b3 e-con-full e-flex e-con e-child\" data-id=\"0f7a1b3\" data-element_type=\"container\">\n\t\t\t\t<div class=\"elementor-element elementor-element-d75119d elementor-widget elementor-widget-heading\" data-id=\"d75119d\" data-element_type=\"widget\" data-widget_type=\"heading.default\">\n\t\t\t\t<div class=\"elementor-widget-container\">\n\t\t\t\t\t<h4 class=\"elementor-heading-title elementor-size-default\">R\u00e9servez un stand<\/h4>\t\t\t\t<\/div>\n\t\t\t\t<\/div>\n\t\t\t\t<div class=\"elementor-element elementor-element-0c920f2 elementor-widget elementor-widget-heading\" data-id=\"0c920f2\" data-element_type=\"widget\" data-widget_type=\"heading.default\">\n\t\t\t\t<div class=\"elementor-widget-container\">\n\t\t\t\t\t<h6 class=\"elementor-heading-title elementor-size-default\">Veuillez laisser ci-dessous vos coordonn\u00e9es et vos besoins et l'un de nos repr\u00e9sentants commerciaux vous contactera sous peu.<\/h6>\t\t\t\t<\/div>\n\t\t\t\t<\/div>\n\t\t\t\t<div class=\"elementor-element elementor-element-1f478af elementor-widget elementor-widget-shortcode\" data-id=\"1f478af\" data-element_type=\"widget\" data-widget_type=\"shortcode.default\">\n\t\t\t\t<div class=\"elementor-widget-container\">\n\t\t\t\t\t\t\t<div class=\"elementor-shortcode\"><div class=\"wpforms-container \" id=\"wpforms-2287\"><form id=\"wpforms-form-2287\" class=\"wpforms-validate wpforms-form wpforms-ajax-form\" data-formid=\"2287\" method=\"post\" enctype=\"multipart\/form-data\" action=\"\/staging\/wp-json\/wp\/v2\/pages\/2177\" data-token=\"6e0ac36c4cd3643960aa6e967d2f864d\" data-token-time=\"1777626716\"><noscript class=\"wpforms-error-noscript\">Please enable JavaScript in your browser to complete this form.<\/noscript><div class=\"wpforms-field-container\"><div id=\"wpforms-2287-field_0-container\" class=\"wpforms-field wpforms-field-name\" data-field-id=\"0\"><label class=\"wpforms-field-label wpforms-label-hide\" for=\"wpforms-2287-field_0\">Votre nom <span class=\"wpforms-required-label\">*<\/span><\/label><input type=\"text\" id=\"wpforms-2287-field_0\" class=\"wpforms-field-large wpforms-field-required\" name=\"wpforms[fields][0]\" placeholder=\"Votre nom\" required><\/div><div id=\"wpforms-2287-field_7-container\" class=\"wpforms-field wpforms-field-name\" data-field-id=\"7\"><label class=\"wpforms-field-label wpforms-label-hide\" for=\"wpforms-2287-field_7\">Titre du poste <span class=\"wpforms-required-label\">*<\/span><\/label><input type=\"text\" id=\"wpforms-2287-field_7\" class=\"wpforms-field-large wpforms-field-required\" name=\"wpforms[fields][7]\" placeholder=\"Titre du poste\" required><\/div><div id=\"wpforms-2287-field_4-container\" class=\"wpforms-field wpforms-field-name\" data-field-id=\"4\"><label class=\"wpforms-field-label wpforms-label-hide\" for=\"wpforms-2287-field_4\">Votre entreprise <span class=\"wpforms-required-label\">*<\/span><\/label><input type=\"text\" id=\"wpforms-2287-field_4\" class=\"wpforms-field-large wpforms-field-required\" name=\"wpforms[fields][4]\" placeholder=\"Votre entreprise\" required><\/div>\t\t<div id=\"wpforms-2287-field_2-container\"\n\t\t\tclass=\"wpforms-field wpforms-field-text\"\n\t\t\tdata-field-type=\"text\"\n\t\t\tdata-field-id=\"2\"\n\t\t\t>\n\t\t\t<label class=\"wpforms-field-label\" for=\"wpforms-2287-field_2\" >nom entreprise T\u00e9l\u00e9phone<\/label>\n\t\t\t<input type=\"text\" id=\"wpforms-2287-field_2\" class=\"wpforms-field-medium\" name=\"wpforms[fields][2]\" >\n\t\t<\/div>\n\t\t<div id=\"wpforms-2287-field_1-container\" class=\"wpforms-field wpforms-field-email\" data-field-id=\"1\"><label class=\"wpforms-field-label wpforms-label-hide\" for=\"wpforms-2287-field_1\">Adresse email <span class=\"wpforms-required-label\">*<\/span><\/label><input type=\"email\" id=\"wpforms-2287-field_1\" class=\"wpforms-field-large wpforms-field-required\" name=\"wpforms[fields][1]\" placeholder=\"Votre email\" spellcheck=\"false\" required><\/div><div id=\"wpforms-2287-field_6-container\" class=\"wpforms-field wpforms-field-name\" data-field-id=\"6\"><label class=\"wpforms-field-label wpforms-label-hide\" for=\"wpforms-2287-field_6\">T\u00e9l\u00e9phone <span class=\"wpforms-required-label\">*<\/span><\/label><input type=\"text\" id=\"wpforms-2287-field_6\" class=\"wpforms-field-large wpforms-field-required\" name=\"wpforms[fields][6]\" placeholder=\"T\u00e9l\u00e9phone\" required><\/div><script>\n\t\t\t\t( function() {\n\t\t\t\t\tconst style = document.createElement( 'style' );\n\t\t\t\t\tstyle.appendChild( document.createTextNode( '#wpforms-2287-field_2-container { position: absolute !important; overflow: hidden !important; display: inline !important; height: 1px !important; width: 1px !important; z-index: -1000 !important; padding: 0 !important; } #wpforms-2287-field_2-container input { visibility: hidden; } #wpforms-conversational-form-page #wpforms-2287-field_2-container label { counter-increment: none; }' ) );\n\t\t\t\t\tdocument.head.appendChild( style );\n\t\t\t\t\tdocument.currentScript?.remove();\n\t\t\t\t} )();\n\t\t\t<\/script><\/div><!-- .wpforms-field-container --><div class=\"wpforms-recaptcha-container wpforms-is-recaptcha wpforms-is-recaptcha-type-v2\" ><div class=\"g-recaptcha\" data-sitekey=\"6Lf2JNoqAAAAAJpezlkmLo_gjprhlUFe8uS0xy4V\"><\/div><input type=\"text\" name=\"g-recaptcha-hidden\" class=\"wpforms-recaptcha-hidden\" style=\"position:absolute!important;clip:rect(0,0,0,0)!important;height:1px!important;width:1px!important;border:0!important;overflow:hidden!important;padding:0!important;margin:0!important;\" data-rule-recaptcha=\"1\"><\/div><div class=\"wpforms-submit-container\" ><input type=\"hidden\" name=\"wpforms[id]\" value=\"2287\"><input type=\"hidden\" name=\"page_title\" value=\"\"><input type=\"hidden\" name=\"page_url\" value=\"https:\/\/solarconnectafrica.com\/staging\/wp-json\/wp\/v2\/pages\/2177\"><input type=\"hidden\" name=\"url_referer\" value=\"\"><button type=\"submit\" name=\"wpforms[submit]\" id=\"wpforms-submit-2287\" class=\"wpforms-submit\" data-alt-text=\"Envoi...\" data-submit-text=\"Enregistrez-vous\" aria-live=\"assertive\" value=\"wpforms-submit\">Enregistrez-vous<\/button><img decoding=\"async\" src=\"https:\/\/solarconnectafrica.com\/staging\/wp-content\/plugins\/wpforms-lite\/assets\/images\/submit-spin.svg\" class=\"wpforms-submit-spinner\" style=\"display: none;\" width=\"26\" height=\"26\" alt=\"Loading\"><\/div><\/form><\/div>  <!-- .wpforms-container --><\/div>\n\t\t\t\t\t\t<\/div>\n\t\t\t\t<\/div>\n\t\t\t\t<\/div>\n\t\t\t\t\t<\/div>\n\t\t\t\t<\/div>\n\t\t\t\t<\/div>\n\t\t\t\t\t<\/div>\n\t\t\t\t<\/div>\n\t\t<div class=\"elementor-element elementor-element-35619c2 e-flex e-con-boxed e-con e-parent\" data-id=\"35619c2\" data-element_type=\"container\" data-settings=\"{&quot;background_background&quot;:&quot;classic&quot;}\">\n\t\t\t\t\t<div class=\"e-con-inner\">\n\t\t\t\t<div class=\"elementor-element elementor-element-16191cf elementor-widget elementor-widget-image\" data-id=\"16191cf\" data-element_type=\"widget\" data-widget_type=\"image.default\">\n\t\t\t\t<div class=\"elementor-widget-container\">\n\t\t\t\t\t\t\t\t\t\t\t\t\t\t\t<img decoding=\"async\" width=\"315\" height=\"4\" src=\"https:\/\/solarconnectafrica.com\/staging\/wp-content\/uploads\/2024\/12\/pic14-e1734484911649.png\" class=\"attachment-large size-large wp-image-2426\" alt=\"\" srcset=\"https:\/\/solarconnectafrica.com\/staging\/wp-content\/uploads\/2024\/12\/pic14-e1734484911649.png 315w, https:\/\/solarconnectafrica.com\/staging\/wp-content\/uploads\/2024\/12\/pic14-e1734484911649-300x4.png 300w\" sizes=\"(max-width: 315px) 100vw, 315px\" \/>\t\t\t\t\t\t\t\t\t\t\t\t\t\t\t<\/div>\n\t\t\t\t<\/div>\n\t\t\t\t\t<\/div>\n\t\t\t\t<\/div>\n\t\t<div class=\"elementor-element elementor-element-c62fdc0 e-flex e-con-boxed e-con e-parent\" data-id=\"c62fdc0\" data-element_type=\"container\" data-settings=\"{&quot;background_background&quot;:&quot;classic&quot;}\">\n\t\t\t\t\t<div class=\"e-con-inner\">\n\t\t<div class=\"elementor-element elementor-element-7c71488 e-grid e-con-full e-con e-child\" data-id=\"7c71488\" data-element_type=\"container\">\n\t\t<div class=\"elementor-element elementor-element-afb3110 e-con-full e-flex e-con e-child\" data-id=\"afb3110\" data-element_type=\"container\">\n\t\t\t\t<div class=\"elementor-element elementor-element-70ffd62 elementor-widget elementor-widget-heading\" data-id=\"70ffd62\" data-element_type=\"widget\" data-widget_type=\"heading.default\">\n\t\t\t\t<div class=\"elementor-widget-container\">\n\t\t\t\t\t<h2 class=\"elementor-heading-title elementor-size-default\"><b>DATES<\/b><\/h2>\t\t\t\t<\/div>\n\t\t\t\t<\/div>\n\t\t\t\t<div class=\"elementor-element elementor-element-414a9ce elementor-widget elementor-widget-heading\" data-id=\"414a9ce\" data-element_type=\"widget\" data-widget_type=\"heading.default\">\n\t\t\t\t<div class=\"elementor-widget-container\">\n\t\t\t\t\t<h3 class=\"elementor-heading-title elementor-size-default\">27 au 29 octobre<br>\nPalais des Congr\u00e8s  <br>\nYaound\u00e9 Cameroun<\/h3>\t\t\t\t<\/div>\n\t\t\t\t<\/div>\n\t\t\t\t<\/div>\n\t\t<div class=\"elementor-element elementor-element-c15845c e-con-full e-flex e-con e-child\" data-id=\"c15845c\" data-element_type=\"container\">\n\t\t\t\t<div class=\"elementor-element elementor-element-0d89dad elementor-widget elementor-widget-heading\" data-id=\"0d89dad\" data-element_type=\"widget\" data-widget_type=\"heading.default\">\n\t\t\t\t<div class=\"elementor-widget-container\">\n\t\t\t\t\t<h2 class=\"elementor-heading-title elementor-size-default\"><b>INFORMATION<\/b><\/h2>\t\t\t\t<\/div>\n\t\t\t\t<\/div>\n\t\t<div class=\"elementor-element elementor-element-6f86f40 e-con-full e-flex e-con e-child\" data-id=\"6f86f40\" data-element_type=\"container\">\n\t\t\t\t<div class=\"elementor-element elementor-element-d5fbb48 elementor-widget elementor-widget-heading\" data-id=\"d5fbb48\" data-element_type=\"widget\" data-widget_type=\"heading.default\">\n\t\t\t\t<div class=\"elementor-widget-container\">\n\t\t\t\t\t<h3 class=\"elementor-heading-title elementor-size-default\"><a href=\"https:\/\/solarconnectafrica.com\/staging\/pass-visiteur-gratuit\/\" https=\"\"><u>Badge visiteur gratuit<\/u><\/a><\/h3>\t\t\t\t<\/div>\n\t\t\t\t<\/div>\n\t\t\t\t<div class=\"elementor-element elementor-element-6714dc7 elementor-widget elementor-widget-heading\" data-id=\"6714dc7\" data-element_type=\"widget\" data-widget_type=\"heading.default\">\n\t\t\t\t<div class=\"elementor-widget-container\">\n\t\t\t\t\t<h3 class=\"elementor-heading-title elementor-size-default\"><a href=\"https:\/\/solarconnectafrica.com\/staging\/reserver-un-stand\/\"><u>R\u00e9servez un stand<\/u><\/a><\/h3>\t\t\t\t<\/div>\n\t\t\t\t<\/div>\n\t\t\t\t<div class=\"elementor-element elementor-element-5bff5c9 elementor-widget elementor-widget-heading\" data-id=\"5bff5c9\" data-element_type=\"widget\" data-widget_type=\"heading.default\">\n\t\t\t\t<div class=\"elementor-widget-container\">\n\t\t\t\t\t<h3 class=\"elementor-heading-title elementor-size-default\"><a href=\"https:\/\/solarconnectafrica.com\/staging\/devenir-un-partenaire\/\"><u>Devenez un Partenaire<\/u><\/a><\/h3>\t\t\t\t<\/div>\n\t\t\t\t<\/div>\n\t\t\t\t<div class=\"elementor-element elementor-element-b11b1dd elementor-widget elementor-widget-heading\" data-id=\"b11b1dd\" data-element_type=\"widget\" data-widget_type=\"heading.default\">\n\t\t\t\t<div class=\"elementor-widget-container\">\n\t\t\t\t\t<h3 class=\"elementor-heading-title elementor-size-default\"><a href=\"https:\/\/solarconnectafrica.com\/staging\/about-the-event-2\/\" https=\"\"><u>\u00c0 Propos<\/u><\/a><\/h3>\t\t\t\t<\/div>\n\t\t\t\t<\/div>\n\t\t\t\t<div class=\"elementor-element elementor-element-68a0177 elementor-widget elementor-widget-heading\" data-id=\"68a0177\" data-element_type=\"widget\" data-widget_type=\"heading.default\">\n\t\t\t\t<div class=\"elementor-widget-container\">\n\t\t\t\t\t<h3 class=\"elementor-heading-title elementor-size-default\"><a href=\"https:\/\/solarconnectafrica.com\/staging\/pays-daccueil&#038;\/\"><u>Pays d'accueil<\/u><\/a><\/h3>\t\t\t\t<\/div>\n\t\t\t\t<\/div>\n\t\t\t\t<div class=\"elementor-element elementor-element-adf8e85 elementor-widget elementor-widget-heading\" data-id=\"adf8e85\" data-element_type=\"widget\" data-widget_type=\"heading.default\">\n\t\t\t\t<div class=\"elementor-widget-container\">\n\t\t\t\t\t<h3 class=\"elementor-heading-title elementor-size-default\"><a href=\"https:\/\/solarconnectafrica.com\/staging\/fr\/voyage-et-hebergement\/\"><u>Voyage et h\u00e9bergement<\/u><\/a><\/h3>\t\t\t\t<\/div>\n\t\t\t\t<\/div>\n\t\t\t\t<div class=\"elementor-element elementor-element-0063981 elementor-widget elementor-widget-heading\" data-id=\"0063981\" data-element_type=\"widget\" data-widget_type=\"heading.default\">\n\t\t\t\t<div class=\"elementor-widget-container\">\n\t\t\t\t\t<h3 class=\"elementor-heading-title elementor-size-default\"><a href=\"https:\/\/solarconnectafrica.com\/staging\/fr\/galerie\/\"><u>Galerie<\/u><\/a><\/h3>\t\t\t\t<\/div>\n\t\t\t\t<\/div>\n\t\t\t\t<div class=\"elementor-element elementor-element-2882ff2 elementor-widget elementor-widget-heading\" data-id=\"2882ff2\" data-element_type=\"widget\" data-widget_type=\"heading.default\">\n\t\t\t\t<div class=\"elementor-widget-container\">\n\t\t\t\t\t<h3 class=\"elementor-heading-title elementor-size-default\"><a href=\"https:\/\/solarconnectafrica.com\/staging\/fr\/presse-media\/\"><u>Presse &amp; Media<\/u><\/a><\/h3>\t\t\t\t<\/div>\n\t\t\t\t<\/div>\n\t\t\t\t<div class=\"elementor-element elementor-element-1e65539 elementor-widget elementor-widget-heading\" data-id=\"1e65539\" data-element_type=\"widget\" data-widget_type=\"heading.default\">\n\t\t\t\t<div class=\"elementor-widget-container\">\n\t\t\t\t\t<h3 class=\"elementor-heading-title elementor-size-default\"><a href=\"https:\/\/solarconnectafrica.com\/staging\/fr\/politique-de-confidentialite\/\"><u>Politique de confidentialit\u00e9<\/u><\/a><\/h3>\t\t\t\t<\/div>\n\t\t\t\t<\/div>\n\t\t\t\t<div class=\"elementor-element elementor-element-8ca0aee elementor-widget elementor-widget-heading\" data-id=\"8ca0aee\" data-element_type=\"widget\" data-widget_type=\"heading.default\">\n\t\t\t\t<div class=\"elementor-widget-container\">\n\t\t\t\t\t<h3 class=\"elementor-heading-title elementor-size-default\"><a href=\"https:\/\/solarconnectafrica.com\/staging\/fr\/conditions-generales\/\"><u>Termes et conditions<\/u><\/a><\/h3>\t\t\t\t<\/div>\n\t\t\t\t<\/div>\n\t\t\t\t<\/div>\n\t\t\t\t<\/div>\n\t\t<div class=\"elementor-element elementor-element-9e8fdb2 e-con-full e-flex e-con e-child\" data-id=\"9e8fdb2\" data-element_type=\"container\">\n\t\t\t\t<div class=\"elementor-element elementor-element-9fd2d86 elementor-widget elementor-widget-heading\" data-id=\"9fd2d86\" data-element_type=\"widget\" data-widget_type=\"heading.default\">\n\t\t\t\t<div class=\"elementor-widget-container\">\n\t\t\t\t\t<h2 class=\"elementor-heading-title elementor-size-default\"><b>CONTACT<\/b><\/h2>\t\t\t\t<\/div>\n\t\t\t\t<\/div>\n\t\t\t\t<div class=\"elementor-element elementor-element-aed46f8 elementor-widget elementor-widget-heading\" data-id=\"aed46f8\" data-element_type=\"widget\" data-widget_type=\"heading.default\">\n\t\t\t\t<div class=\"elementor-widget-container\">\n\t\t\t\t\t<h3 class=\"elementor-heading-title elementor-size-default\">contact@solarconnectafrica.com<br>\n+237 652 06 51 00<br>\n+237 691 31 26 79<\/h3>\t\t\t\t<\/div>\n\t\t\t\t<\/div>\n\t\t\t\t<\/div>\n\t\t\t\t<\/div>\n\t\t\t\t\t<\/div>\n\t\t\t\t<\/div>\n\t\t<div class=\"elementor-element elementor-element-a5f1c27 e-flex e-con-boxed e-con e-parent\" data-id=\"a5f1c27\" data-element_type=\"container\" data-settings=\"{&quot;background_background&quot;:&quot;classic&quot;}\">\n\t\t\t\t\t<div class=\"e-con-inner\">\n\t\t\t\t\t<\/div>\n\t\t\t\t<\/div>\n\t\t\t\t<\/div>\n\t\t","protected":false},"excerpt":{"rendered":"<p>R\u00e9servez un stand Veuillez laisser ci-dessous vos coordonn\u00e9es et vos besoins et l&#8217;un de nos repr\u00e9sentants commerciaux vous contactera sous peu. DATES 27 au 29 octobre Palais des Congr\u00e8s Yaound\u00e9 Cameroun INFORMATION Badge visiteur gratuit R\u00e9servez un stand Devenez un Partenaire \u00c0 Propos Pays d&#8217;accueil Voyage et h\u00e9bergement Galerie Presse &amp; Media Politique de confidentialit\u00e9 [&hellip;]<\/p>\n","protected":false},"author":1,"featured_media":0,"parent":0,"menu_order":0,"comment_status":"closed","ping_status":"closed","template":"","meta":{"site-sidebar-layout":"no-sidebar","site-content-layout":"page-builder","ast-site-content-layout":"full-width-container","site-content-style":"default","site-sidebar-style":"default","ast-global-header-display":"","ast-banner-title-visibility":"","ast-main-header-display":"","ast-hfb-above-header-display":"","ast-hfb-below-header-display":"","ast-hfb-mobile-header-display":"","site-post-title":"disabled","ast-breadcrumbs-content":"","ast-featured-img":"disabled","footer-sml-layout":"","theme-transparent-header-meta":"","adv-header-id-meta":"","stick-header-meta":"","header-above-stick-meta":"","header-main-stick-meta":"","header-below-stick-meta":"","astra-migrate-meta-layouts":"set","ast-page-background-enabled":"default","ast-page-background-meta":{"desktop":{"background-color":"var(--ast-global-color-4)","background-image":"","background-repeat":"repeat","background-position":"center center","background-size":"auto","background-attachment":"scroll","background-type":"","background-media":"","overlay-type":"","overlay-color":"","overlay-opacity":"","overlay-gradient":""},"tablet":{"background-color":"","background-image":"","background-repeat":"repeat","background-position":"center center","background-size":"auto","background-attachment":"scroll","background-type":"","background-media":"","overlay-type":"","overlay-color":"","overlay-opacity":"","overlay-gradient":""},"mobile":{"background-color":"","background-image":"","background-repeat":"repeat","background-position":"center center","background-size":"auto","background-attachment":"scroll","background-type":"","background-media":"","overlay-type":"","overlay-color":"","overlay-opacity":"","overlay-gradient":""}},"ast-content-background-meta":{"desktop":{"background-color":"var(--ast-global-color-5)","background-image":"","background-repeat":"repeat","background-position":"center center","background-size":"auto","background-attachment":"scroll","background-type":"","background-media":"","overlay-type":"","overlay-color":"","overlay-opacity":"","overlay-gradient":""},"tablet":{"background-color":"var(--ast-global-color-5)","background-image":"","background-repeat":"repeat","background-position":"center center","background-size":"auto","background-attachment":"scroll","background-type":"","background-media":"","overlay-type":"","overlay-color":"","overlay-opacity":"","overlay-gradient":""},"mobile":{"background-color":"var(--ast-global-color-5)","background-image":"","background-repeat":"repeat","background-position":"center center","background-size":"auto","background-attachment":"scroll","background-type":"","background-media":"","overlay-type":"","overlay-color":"","overlay-opacity":"","overlay-gradient":""}},"footnotes":""},"class_list":["post-2177","page","type-page","status-publish","hentry"],"_links":{"self":[{"href":"https:\/\/solarconnectafrica.com\/staging\/wp-json\/wp\/v2\/pages\/2177","targetHints":{"allow":["GET"]}}],"collection":[{"href":"https:\/\/solarconnectafrica.com\/staging\/wp-json\/wp\/v2\/pages"}],"about":[{"href":"https:\/\/solarconnectafrica.com\/staging\/wp-json\/wp\/v2\/types\/page"}],"author":[{"embeddable":true,"href":"https:\/\/solarconnectafrica.com\/staging\/wp-json\/wp\/v2\/users\/1"}],"replies":[{"embeddable":true,"href":"https:\/\/solarconnectafrica.com\/staging\/wp-json\/wp\/v2\/comments?post=2177"}],"version-history":[{"count":58,"href":"https:\/\/solarconnectafrica.com\/staging\/wp-json\/wp\/v2\/pages\/2177\/revisions"}],"predecessor-version":[{"id":4702,"href":"https:\/\/solarconnectafrica.com\/staging\/wp-json\/wp\/v2\/pages\/2177\/revisions\/4702"}],"wp:attachment":[{"href":"https:\/\/solarconnectafrica.com\/staging\/wp-json\/wp\/v2\/media?parent=2177"}],"curies":[{"name":"wp","href":"https:\/\/api.w.org\/{rel}","templated":true}]}}